f 632672?
3
What is the tens digit of 1112209?
0
What is the ten thousands digit of 3599340?
9
What is the hundred thousands digit of 3414731?
4
What is the hundred thousands digit of 839659?
8
What is the millions digit of 8233479?
8
What is the hundreds digit of 148518?
5
What is the tens digit of 180623?
2
What is the millions digit of 2311267?
2
What is the hundred thousands digit of 632053?
6
What is the thousands digit of 541523?
1
What is the units digit of 1585670?
0
What is the units digit of 440839?
9
What is the hundreds digit of 9495912?
9
What is the units digit of 7475668?
8
What is the ten thousands digit of 913330?
1
What is the hundred thousands digit of 34762357?
7
What is the units digit of 146102?
2
What is the ten thousands digit of 870310?
7
What is the ten thousands digit of 3688252?
8
What is the hundred thousands digit of 759246?
7
What is the thousands digit of 208897?
8
What is the ten thousands digit of 671063?
7
What is the hundred thousands digit of 2569944?
5
What is the ten thousands digit of 3499577?
9
What is the hundreds digit of 8502255?
2
What is the hundred thousands digit of 17152587?
1
What is the hundreds digit of 477448?
4
What is the millions digit of 8456476?
8
What is the millions digit of 4984938?
4
What is the units digit of 7820171?
1
What is the hundred thousands digit of 462443?
4
What is the hundreds digit of 207302?
3
What is the tens digit of 295303?
0
What is the tens digit of 562272?
7
What is the ten millions digit of 10820947?
1
What is the millions digit of 37866574?
7
What is the tens digit of 1690903?
0
What is the hundred thousands digit of 764368?
7
What is the hundred thousands digit of 3841279?
8
What is the hundred thousands digit of 1993564?
9
What is the units digit of 119182?
2
What is the ten thousands digit of 38695?
3
What is the tens digit of 6189207?
0
What is the hundreds digit of 342696?
6
What is the hundreds digit of 442805?
8
What is the thousands digit of 832284?
2
What is the tens digit of 3748046?
4
What is the tens digit of 221386?
8
What is the millions digit of 16281495?
6
What is the thousands digit of 568913?
8
What is the hundreds digit of 263159?
1
What is the millions digit of 8852256?
8
What is the tens digit of 218223?
2
What is the ten thousands digit of 21726362?
2
What is the units digit of 1000368?
8
What is the ten thousands digit of 1983314?
8
What is the hundred thousands digit of 561647?
5
What is the hundred thousands digit of 363419?
3
What is the hundreds digit of 2442966?
9
What is the millions digit of 1534235?
1
What is the units digit of 538353?
3
What is the millions digit of 27696809?
7
What is the tens digit of 277103?
0
What is the tens digit of 450323?
2
What is the hundred thousands digit of 4571827?
5
What is the millions digit of 10906077?
0
What is the thousands digit of 188286?
8
What is the ten thousands digit of 689734?
8
What is the millions digit of 20083905?
0
What is the hundreds digit of 3986504?
5
What is the hundred thousands digit of 6194951?
1
What is the units digit of 117685?
5
What is the hundred thousands digit of 1066370?
0
What is the thousands digit of 6724239?
4
What is the hundred thousands digit of 6941304?
9
What is the hundred thousands digit of 418964?
4
What is the thousands digit of 9721676?
1
What is the tens digit of 299962?
6
What is the hundred thousands digit of 116719?
1
What is the hundreds digit of 15281345?
3
What is the hundreds digit of 74907?
9
What is the millions digit of 4264585?
4
What is the tens digit of 11500456?
5
What is the thousands digit of 165033?
5
What is the hundreds digit of 129287?
2
What is the thousands digit of 1724835?
4
What is the ten thousands digit of 1692652?
9
What is the units digit of 2123294?
4
What is the millions digit of 4381355?
4
What is the ten thousands digit of 8056913?
5
What is the units digit of 166783?
3
What is the tens digit of 462928?
2
What is the thousands digit of 204068?
4
What is the millions digit of 2411817?
2
What is the tens digit of 14980061?
6
What is the hundred thousands digit of 3714311?
7
What is the ten millions digit of 23110992?
2
What is the units digit of 440676?
6
What is the units digit of 320445?
5
What is the ten millions digit of 12355819?
1
What is the ten thousands digit of 2008991?
0
What is the thousands digit of 4321410?
1
What is the thousands digit of 2083764?
3
What is the tens digit of 130818?
1
What is the hundred thousands digit of 605158?
6
What is the units digit of 89225?
5
What is the units digit of 31970?
0
What is the hundreds digit of 17863?
8
What is the thousands digit of 322568?
2
What is the hundred thousands digit of 451502?
4
What is the ten thousands digit of 299444?
9
What is the hundreds digit of 9613821?
8
What is the millions digit of 3214434?
3
What is the hundred thousands digit of 125119?
1
What is the hundred thousands digit of 5100345?
1
What is the hundred thousands digit of 1738796?
7
What is the tens digit of 6730450?
5
What is the ten thousands digit of 374719?
7
What is the hundred thousands digit of 1465114?
4
What is the hundreds digit of 180395?
3
What is the thousands digit of 183991?
3
What is the thousands digit of 7259?
7
What is the ten thousands digit of 165868?
6
What is the units digit of 128188?
8
What is the thousands digit of 5824425?
4
What is the tens digit of 1416276?
7
What is the hundred thousands digit of 1644488?
6
What is the ten millions digit of 18748530?
1
What is the thousands digit of 142008?
2
What is the hundred thousands digit of 9799817?
7
What is the ten millions digit of 19046317?
1
What is the hundreds digit of 8740526?
5
What is the units digit of 2522102?
2
What is the units digit of 185394?
4
What is the thousands digit of 1377015?
7
What is the millions digit of 2540683?
2
What is the units digit of 629513?
3
What is the hundreds digit of 410319?
3
What is the thousands digit of 175443?
5
What is the hundred thousands digit of 3808105?
8
What is the hundreds digit of 297218?
2
What is the hundreds digit of 4603278?
2
What is the tens digit of 20804378?
7
What is the ten thousands digit of 2373033?
7
What is the tens digit of 4604730?
3
What is the thousands digit of 34826?
4
What is the thousands digit of 6662234?
2
What is the tens digit of 1160994?
9
What is the tens digit of 111105?
0
What is the thousands digit of 8597933?
7
What is the millions digit of 2732703?
2
What is the thousands digit of 269076?
9
What is the units digit of 6480929?
9
What is the hundreds digit of 4112500?
5
What is the ten thousands digit of 16459510?
5
What is the thousands digit of 120361?
0
What is the hundreds digit of 85046?
0
What is the ten thousands digit of 1959870?
5
What is the ten thousands digit of 36709?
3
What is the millions digit of 1116665?
1
What is the hundred thousands digit of 1864621?
8
What is the millions digit of 5798091?
5
What is the hundreds digit of 492131?
1
What is the hundred thousands digit of 1645618?
6
What is the hundred thousands digit of 132994?
1
What is the tens digit of 1377?
7
What is the thousands digit of 168887?
8
What is the ten thousands digit of 337973?
3
What is the units digit of 10612979?
9
What is the tens digit of 29217689?
8
What is the units digit of 5365224?
4
What is the units digit of 71741?
1
What is the hundred thousands digit of 4277946?
2
What is the ten thousands digit of 512778?
1
What is the ten millions digit of 11491867?
1
What is the ten thousands digit of 5110498?
1
What is the tens digit of 33964?
6
What is the ten thousands digit of 228586?
2
What is the thousands digit of 109490?
9
What is the thousands digit of 1702706?
2
What is the hundreds digit of 1307931?
9
What is the hundred thousands digit of 202407?
2
What is the hundreds digit of 35199?
1
What is the units digit of 295164?
4
What is the millions digit of 1448075?
1
What is the hundreds digit of 1667622?
6
What is the thousands digit of 71271?
1
What is the millions digit of 5466863?
5
What is the hundred thousands digit of 3283369?
2
What is the millions digit of 1884215?
1
What is the units digit of 27702603?
3
What is the hundreds digit of 2799030?
0
What is the thousands digit of 671929?
1
What is the units digit of 213506?
6
W